{"id":37,"date":"2024-03-20T21:03:36","date_gmt":"2024-03-20T20:03:36","guid":{"rendered":"https:\/\/spielhaus-bauplan.de\/?page_id=37"},"modified":"2024-03-20T21:03:36","modified_gmt":"2024-03-20T20:03:36","slug":"impressum","status":"publish","type":"page","link":"https:\/\/spielhaus-bauplan.de\/?page_id=37","title":{"rendered":"Impressum"},"content":{"rendered":"\n<p><\/p>\n\n\n\n<p style=\"font-size:29px\"><strong>TF-Solutions<\/strong><\/p>\n\n\n\n<p class=\"has-text-align-left\"><strong>Inhaber: Thomas Fr\u00f6lich<\/strong><\/p>\n\n\n\n<p class=\"has-text-align-left\"><strong>Hauptstra\u00dfe 31<\/strong>, <strong>Eibenstock 08309<\/strong><\/p>\n\n\n\n<p class=\"has-text-align-left\"><strong>Telefon: 0162 &#8211; 7741635<\/strong><\/p>\n\n\n\n<p class=\"has-text-align-left\"><strong>E-Mail: t.froelich@gmx.de<\/strong><\/p>\n\n\n\n<p class=\"has-text-align-left\"><strong>Kleinunternehmer gem\u00e4\u00df \u00a7 19 UStG<\/strong><\/p>\n\n\n\n<p class=\"has-text-align-left\"><strong>Unsere Webseite ist SSL-verschl\u00fcsselt. Die Verschl\u00fcsselung bietet maximalen Schutz bei der \u00dcbermittlung Ihrer Daten.<\/strong><\/p>\n","protected":false},"excerpt":{"rendered":"<p>TF-Solutions Inhaber: Thomas Fr\u00f6lich Hauptstra\u00dfe 31, Eibenstock 08309 Telefon: 0162 &#8211; 7741635 E-Mail: t.froelich@gmx.de Kleinunternehmer gem\u00e4\u00df \u00a7 19 UStG Unsere Webseite ist SSL-verschl\u00fcsselt. Die Verschl\u00fcsselung bietet maximalen Schutz bei der \u00dcbermittlung Ihrer Daten.<\/p>\n","protected":false},"author":1,"featured_media":0,"parent":0,"menu_order":0,"comment_status":"closed","ping_status":"closed","template":"","meta":{"footnotes":""},"class_list":["post-37","page","type-page","status-publish","hentry"],"_links":{"self":[{"href":"https:\/\/spielhaus-bauplan.de\/index.php?rest_route=\/wp\/v2\/pages\/37","targetHints":{"allow":["GET"]}}],"collection":[{"href":"https:\/\/spielhaus-bauplan.de\/index.php?rest_route=\/wp\/v2\/pages"}],"about":[{"href":"https:\/\/spielhaus-bauplan.de\/index.php?rest_route=\/wp\/v2\/types\/page"}],"author":[{"embeddable":true,"href":"https:\/\/spielhaus-bauplan.de\/index.php?rest_route=\/wp\/v2\/users\/1"}],"replies":[{"embeddable":true,"href":"https:\/\/spielhaus-bauplan.de\/index.php?rest_route=%2Fwp%2Fv2%2Fcomments&post=37"}],"version-history":[{"count":1,"href":"https:\/\/spielhaus-bauplan.de\/index.php?rest_route=\/wp\/v2\/pages\/37\/revisions"}],"predecessor-version":[{"id":38,"href":"https:\/\/spielhaus-bauplan.de\/index.php?rest_route=\/wp\/v2\/pages\/37\/revisions\/38"}],"wp:attachment":[{"href":"https:\/\/spielhaus-bauplan.de\/index.php?rest_route=%2Fwp%2Fv2%2Fmedia&parent=37"}],"curies":[{"name":"wp","href":"https:\/\/api.w.org\/{rel}","templated":true}]}}